{"id":630,"date":"2021-01-07T18:45:36","date_gmt":"2021-01-07T17:45:36","guid":{"rendered":"https:\/\/www.feel-good-deutsch.com\/?post_type=product&#038;p=630"},"modified":"2021-01-08T11:24:23","modified_gmt":"2021-01-08T10:24:23","slug":"buchklub-als-ich-ein-kleiner-junge-war-von-erich-kaestner-2","status":"publish","type":"product","link":"https:\/\/www.feel-good-deutsch.com\/en\/product\/buchklub-als-ich-ein-kleiner-junge-war-von-erich-kaestner-2\/","title":{"rendered":"Buchklub &#8211; als ich ein kleiner junge war"},"content":{"rendered":"<section id=\"workshop-section\" class=\"elementor-section elementor-top-section elementor-element elementor-element-ca66470 elementor-section-boxed elementor-section-height-default elementor-section-height-default\" data-id=\"ca66470\" data-element_type=\"section\">\n<div class=\"elementor-container elementor-column-gap-default\">\n<div class=\"elementor-row\">\n<div class=\"elementor-column elementor-col-66 elementor-top-column elementor-element elementor-element-c3a0bf6\" data-id=\"c3a0bf6\" data-element_type=\"column\">\n<div class=\"elementor-column-wrap elementor-element-populated\">\n<div class=\"elementor-widget-wrap\">\n<div class=\"elementor-element elementor-element-bf9e5b8 elementor-widget elementor-widget-heading\" data-id=\"bf9e5b8\" data-element_type=\"widget\" data-widget_type=\"heading.default\">\n<div class=\"elementor-widget-container\">\n<p class=\"elementor-heading-title elementor-size-default\"><span style=\"font-family: tahoma, arial, helvetica, sans-serif;\">Dieser Buchklub beginnt am <strong>07.01.2021<\/strong> and endet am <strong>18.02.2021<\/strong>.<\/span><\/p>\n<p class=\"elementor-heading-title elementor-size-default\"><span style=\"font-family: tahoma, arial, helvetica, sans-serif;\"><span style=\"font-weight: 400;\">Das Buch wird allein und zusammen gelesen. Das hei\u00dft, dass jede Woche eine bestimmte Anzahl an Seiten gelesen wird und wir uns 1 mal pro Woche in der Gruppe treffen, um \u00fcber das Gelesene zu sprechen.<\/span><\/span><\/p>\n<p><span style=\"font-family: tahoma, arial, helvetica, sans-serif;\">Ihr erhaltet vor jeder &#8220;Leseepisode&#8221; eine\u00a0<strong>Verbliste<\/strong>\u00a0von mir (damit Ihr die unregelm\u00e4\u00dfigen Pefekt- &amp; Pr\u00e4teritumformen identifizieren k\u00f6nnt)<\/span><\/p>\n<\/div>\n<\/div>\n<\/div>\n<\/div>\n<\/div>\n<\/div>\n<\/div>\n<\/section>\n<p>&nbsp;<\/p>\n<p><span style=\"vertical-align: inherit; font-family: tahoma, arial, helvetica, sans-serif;\"><span style=\"vertical-align: inherit;\"><span style=\"vertical-align: inherit;\"><span style=\"vertical-align: inherit;\">* Nach dem Kauf des Programms erhalten Sie den Plan und die Anleitung von Ihrer E-Mail-Adresse *<\/span><\/span><\/span><\/span><\/p>","protected":false},"excerpt":{"rendered":"<p><span style=\"font-size: 14pt; font-family: tahoma, arial, helvetica, sans-serif;\"><span style=\"vertical-align: inherit;\"><span style=\"vertical-align: inherit;\"><span style=\"vertical-align: inherit;\"><span style=\"vertical-align: inherit;\">Option 2: Option 1 + individuelle Sprachverbesserung<\/span><\/span><\/span><\/span><\/span><\/p>\n<p><span style=\"font-size: 14pt; font-family: tahoma, arial, helvetica, sans-serif;\"><span style=\"vertical-align: inherit;\"><span style=\"vertical-align: inherit;\"><span style=\"vertical-align: inherit;\"><span style=\"vertical-align: inherit;\">7 Treffen, 1 mal pro Woche <\/span><\/span><\/span><\/span><\/span><\/p>\n<p><span style=\"font-size: 14pt; font-family: tahoma, arial, helvetica, sans-serif;\"><span style=\"vertical-align: inherit;\"><span style=\"vertical-align: inherit;\"><span style=\"vertical-align: inherit;\"><span style=\"vertical-align: inherit;\">jeden Sonntag 11-13 Uhr<\/span><\/span><\/span><\/span><\/span><\/p>","protected":false},"featured_media":608,"comment_status":"closed","ping_status":"closed","template":"","meta":[],"_links":{"self":[{"href":"https:\/\/www.feel-good-deutsch.com\/en\/wp-json\/wp\/v2\/product\/630"}],"collection":[{"href":"https:\/\/www.feel-good-deutsch.com\/en\/wp-json\/wp\/v2\/product"}],"about":[{"href":"https:\/\/www.feel-good-deutsch.com\/en\/wp-json\/wp\/v2\/types\/product"}],"replies":[{"embeddable":true,"href":"https:\/\/www.feel-good-deutsch.com\/en\/wp-json\/wp\/v2\/comments?post=630"}],"version-history":[{"count":0,"href":"https:\/\/www.feel-good-deutsch.com\/en\/wp-json\/wp\/v2\/product\/630\/revisions"}],"wp:featuredmedia":[{"embeddable":true,"href":"https:\/\/www.feel-good-deutsch.com\/en\/wp-json\/wp\/v2\/media\/608"}],"wp:attachment":[{"href":"https:\/\/www.feel-good-deutsch.com\/en\/wp-json\/wp\/v2\/media?parent=630"}],"curies":[{"name":"wp","href":"https:\/\/api.w.org\/{rel}","templated":true}]}}

<section id="workshop-section" class="elementor-section elementor-top-section elementor-element elementor-element-ca66470 elementor-section-boxed elementor-section-height-default elementor-section-height-default" data-id="ca66470" data-element_type="section">
<div class="elementor-container elementor-column-gap-default">
<div class="elementor-row">
<div class="elementor-column elementor-col-66 elementor-top-column elementor-element elementor-element-c3a0bf6" data-id="c3a0bf6" data-element_type="column">
<div class="elementor-column-wrap elementor-element-populated">
<div class="elementor-widget-wrap">
<div class="elementor-element elementor-element-bf9e5b8 elementor-widget elementor-widget-heading" data-id="bf9e5b8" data-element_type="widget" data-widget_type="heading.default">
<div class="elementor-widget-container">
<p class="elementor-heading-title elementor-size-default"><span style="font-family: tahoma, arial, helvetica, sans-serif;">Dieser Buchklub beginnt am <strong>07.01.2021</strong> and endet am <strong>18.02.2021</strong>.</span></p>
<p class="elementor-heading-title elementor-size-default"><span style="font-family: tahoma, arial, helvetica, sans-serif;"><span style="font-weight: 400;">Das Buch wird allein und zusammen gelesen. Das heißt, dass jede Woche eine bestimmte Anzahl an Seiten gelesen wird und wir uns 1 mal pro Woche in der Gruppe treffen, um über das Gelesene zu sprechen.</span></span></p>
<p><span style="font-family: tahoma, arial, helvetica, sans-serif;">Ihr erhaltet vor jeder &#8220;Leseepisode&#8221; eine <strong>Verbliste</strong> von mir (damit Ihr die unregelmäßigen Pefekt- &amp; Präteritumformen identifizieren könnt)</span></p>
</div>
</div>
</div>
</div>
</div>
</div>
</div>
</section>
<p>&nbsp;</p>
<p><span style="vertical-align: inherit; font-family: tahoma, arial, helvetica, sans-serif;"><span style="vertical-align: inherit;"><span style="vertical-align: inherit;"><span style="vertical-align: inherit;">* Nach dem Kauf des Programms erhalten Sie den Plan und die Anleitung von Ihrer E-Mail-Adresse *</span></span></span></span></p>
